{"id":68,"date":"2024-01-03T16:02:27","date_gmt":"2024-01-03T16:02:27","guid":{"rendered":"https:\/\/hardcore-wing.91-151-16-32.plesk.page\/?page_id=68"},"modified":"2024-05-07T17:24:08","modified_gmt":"2024-05-07T17:24:08","slug":"catering-partyservice","status":"publish","type":"page","link":"https:\/\/www.bumsn.at\/index.php\/catering-partyservice\/","title":{"rendered":"Catering &#038; Partyservice"},"content":{"rendered":"\n<div class=\"wp-block-custom-plugin-custom-header-block d-flex column flex-wrap my-5\"><span class=\"spacer flex-grow-1 me-5\"><\/span><h2 class=\"subpage-heading\">Lassen Sie sich verw\u00f6hnen&#8230;<\/h2><span class=\"spacer flex-grow-1 ms-5\"><\/span><\/div>\n\n\n\n<p>Sie m\u00f6chten zu einem festlichen Anlass einladen?<br>Sie haben aber keine passenden R\u00e4umlichkeiten, nicht gen\u00fcgend Geschirr und nicht die Zeit, alles zu organisieren und zu kochen?<\/p>\n\n\n\n<p>Unser Catering-Team k\u00fcmmert sich gerne um all Ihre Anliegen!<br>Beginnend mit der Planung und Logistik, betreuen wir Sie und Ihre G\u00e4ste am Abend des Events, ohne W\u00fcnsche offen zu lassen!<br>Und mit der richtigen Location ist eine exzellente Stimmung garantiert!<\/p>\n\n\n\n<p>Genie\u00dfen Sie mit Ihren G\u00e4sten den perfekten Abend!<br>Sie werden es bemerken: Zwischen Versorgen und Verw\u00f6hnen liegen Welten!<\/p>\n\n\n\n<div style=\"height:5rem\" aria-hidden=\"true\" class=\"wp-block-spacer\"><\/div>\n\n\n\n<h3 class=\"wp-block-heading catering-heading catering-heading-left\">Feierlichkeiten<\/h3>\n\n\n\n<div class=\"wp-block-media-text is-stacked-on-mobile catering-item\"><figure class=\"wp-block-media-text__media\"><img loading=\"lazy\" decoding=\"async\" width=\"1024\" height=\"684\" src=\"https:\/\/www.bumsn.at\/wp-content\/uploads\/2024\/04\/R0A0563_WAI-1024x684.jpg\" alt=\"\" class=\"wp-image-233 size-full\" srcset=\"https:\/\/www.bumsn.at\/wp-content\/uploads\/2024\/04\/R0A0563_WAI-1024x684.jpg 1024w, https:\/\/www.bumsn.at\/wp-content\/uploads\/2024\/04\/R0A0563_WAI-300x200.jpg 300w, https:\/\/www.bumsn.at\/wp-content\/uploads\/2024\/04\/R0A0563_WAI-600x401.jpg 600w, https:\/\/www.bumsn.at\/wp-content\/uploads\/2024\/04\/R0A0563_WAI.jpg 1200w\" sizes=\"auto, (max-width: 1024px) 100vw, 1024px\" \/><\/figure><div class=\"wp-block-media-text__content\">\n<p class=\"has-text-align-left\"><strong>Catering \u2013 perfekt f\u00fcr jeden Anlass!<\/strong><br>Von offiziellen Firmenempf\u00e4ngen in professionellem Rahmen bis hin zur kleinen privaten Familienfeier mit Verwandten und Freunden \u2013 wir sind gerne f\u00fcr Sie da!<\/p>\n\n\n\n<p class=\"has-text-align-left\"><strong>Das gewisse Etwas<\/strong><br>f\u00fcr Firmenfeiern, Gesch\u00e4ftser\u00f6ffnungen, Geburtstagen, Jubil\u00e4en, Hochzeiten oder Grillpartys! Sie w\u00fcnschen sich eine individuelle Zusammenstellung des Buffets? Oder die passende musikalische Umrahmung \u2013 alles ist m\u00f6glich, von Volksmusik bis Jazz!<\/p>\n\n\n\n<p class=\"has-text-align-left\"><strong>Verraten Sie uns Ihre W\u00fcnsche,<\/strong><br>wir sind so flexibel wie Ihre Bed\u00fcrfnisse!<\/p>\n<\/div><\/div>\n\n\n\n<div style=\"height:5rem\" aria-hidden=\"true\" class=\"wp-block-spacer\"><\/div>\n\n\n\n<h3 class=\"wp-block-heading catering-heading catering-heading-right\">Buffet<\/h3>\n\n\n\n<div class=\"wp-block-media-text has-media-on-the-right is-stacked-on-mobile catering-item\"><div class=\"wp-block-media-text__content\">\n<p class=\"has-text-align-left\"><strong>Kein Wunsch bleibt offen\u2026<\/strong><br>Ob klein oder gro\u00df, leicht oder deftig, mediterrane K\u00f6stlichkeiten oder traditionelle Innviertler Schmankerl. Ihrem Gusto sind keine Grenzen gesetzt!<\/p>\n\n\n\n<p class=\"has-text-align-left\"><strong>Wir bieten:<\/strong><\/p>\n\n\n\n<ul class=\"text-left wp-block-list\">\n<li>Fingerfood in allen Variationen<\/li>\n\n\n\n<li>Canap\u00e9s<\/li>\n\n\n\n<li>W\u00fcrstl Potpourri<\/li>\n\n\n\n<li>Rustikale und festliche Men\u00fcs u. Buffets<\/li>\n\n\n\n<li>Desserts und Mehlspeisen<\/li>\n<\/ul>\n\n\n\n<p class=\"has-text-align-left\">Auch das Angebot der Getr\u00e4nke stimmen wir gerne auf Ihre Bed\u00fcrfnisse ab!<br>F\u00fcr die Herstellung Ihres Men\u00fcs ist die Verwendung von frischen, saisonal verf\u00fcgbaren Produkten selbstverst\u00e4ndlich.<br>Wir schicken Ihnen gerne unsere Buffetvorschl\u00e4ge!<\/p>\n<\/div><figure class=\"wp-block-media-text__media\"><img loading=\"lazy\" decoding=\"async\" width=\"1024\" height=\"683\" src=\"https:\/\/www.bumsn.at\/wp-content\/uploads\/2024\/04\/R0A5111_WAI-1024x683.jpg\" alt=\"\" class=\"wp-image-232 size-full\" srcset=\"https:\/\/www.bumsn.at\/wp-content\/uploads\/2024\/04\/R0A5111_WAI-1024x683.jpg 1024w, https:\/\/www.bumsn.at\/wp-content\/uploads\/2024\/04\/R0A5111_WAI-300x200.jpg 300w, https:\/\/www.bumsn.at\/wp-content\/uploads\/2024\/04\/R0A5111_WAI-600x400.jpg 600w, https:\/\/www.bumsn.at\/wp-content\/uploads\/2024\/04\/R0A5111_WAI.jpg 1200w\" sizes=\"auto, (max-width: 1024px) 100vw, 1024px\" \/><\/figure><\/div>\n\n\n\n<div style=\"height:5rem\" aria-hidden=\"true\" class=\"wp-block-spacer\"><\/div>\n\n\n\n<h3 class=\"wp-block-heading catering-heading catering-heading-left\">Location<\/h3>\n\n\n\n<div class=\"wp-block-media-text is-stacked-on-mobile catering-item\"><figure class=\"wp-block-media-text__media\"><img loading=\"lazy\" decoding=\"async\" width=\"1024\" height=\"684\" src=\"https:\/\/www.bumsn.at\/wp-content\/uploads\/2024\/04\/R0A0434_WAI-1024x684.jpg\" alt=\"Catering Feierlichkeiten\" class=\"wp-image-230 size-full\" srcset=\"https:\/\/www.bumsn.at\/wp-content\/uploads\/2024\/04\/R0A0434_WAI-1024x684.jpg 1024w, https:\/\/www.bumsn.at\/wp-content\/uploads\/2024\/04\/R0A0434_WAI-300x200.jpg 300w, https:\/\/www.bumsn.at\/wp-content\/uploads\/2024\/04\/R0A0434_WAI-600x401.jpg 600w, https:\/\/www.bumsn.at\/wp-content\/uploads\/2024\/04\/R0A0434_WAI.jpg 1200w\" sizes=\"auto, (max-width: 1024px) 100vw, 1024px\" \/><\/figure><div class=\"wp-block-media-text__content\">\n<p>Wir bieten Ihnen mit einzigartigen Locations den perfekten Rahmen f\u00fcr Ihre Festivit\u00e4ten, wie zum Beispiel: Kubinsaal, Bezirkssporthalle, Schlosspark, Schloss Sigharting, Rahaberghof, G\u2019st\u00f6tten und viele mehr!<\/p>\n<\/div><\/div>\n\n\n\n<div style=\"height:5rem\" aria-hidden=\"true\" class=\"wp-block-spacer\"><\/div>\n\n\n\n<h3 class=\"wp-block-heading catering-heading catering-heading-right\">Drum herum<\/h3>\n\n\n\n<div class=\"wp-block-media-text has-media-on-the-right is-stacked-on-mobile catering-item\"><div class=\"wp-block-media-text__content\">\n<p class=\"has-text-align-left\"><strong>Rufen Sie uns an!<\/strong><br>Gerne erstellen wir Ihnen einen individuellen Men\u00fc- und Eventplan und hauchen Ihrem Fest somit Unverwechselbarkeit ein!<\/p>\n\n\n\n<p class=\"has-text-align-left\"><strong>Alles komplett \u2013 von A-Z!<\/strong><br>Wir k\u00fcmmern uns um Sie! Die Vorbereitung der gew\u00fcnschten Location, die Anlieferung des Essens, der Aufbau des Buffets, die Bewirtung beim Event.<\/p>\n\n\n\n<p class=\"has-text-align-left\"><strong>Das komplette Equipment<\/strong><br>von Geschirr, Besteck und Gl\u00e4sern bis hin zur Tischdekoration \u2013 stellen wir Ihnen zur Verf\u00fcgung<\/p>\n<\/div><figure class=\"wp-block-media-text__media\"><img loading=\"lazy\" decoding=\"async\" width=\"1024\" height=\"683\" src=\"https:\/\/www.bumsn.at\/wp-content\/uploads\/2024\/01\/R0A5139_WAI-1024x683.jpg\" alt=\"\" class=\"wp-image-74 size-full\" srcset=\"https:\/\/www.bumsn.at\/wp-content\/uploads\/2024\/01\/R0A5139_WAI-1024x683.jpg 1024w, https:\/\/www.bumsn.at\/wp-content\/uploads\/2024\/01\/R0A5139_WAI-600x400.jpg 600w, https:\/\/www.bumsn.at\/wp-content\/uploads\/2024\/01\/R0A5139_WAI-300x200.jpg 300w, https:\/\/www.bumsn.at\/wp-content\/uploads\/2024\/01\/R0A5139_WAI.jpg 1971w\" sizes=\"auto, (max-width: 1024px) 100vw, 1024px\" \/><\/figure><\/div>\n\n\n\n<div style=\"height:7rem\" aria-hidden=\"true\" class=\"wp-block-spacer\"><\/div>\n","protected":false},"excerpt":{"rendered":"<p>Sie m\u00f6chten zu einem festlichen Anlass einladen?Sie haben aber keine passenden R\u00e4umlichkeiten, nicht gen\u00fcgend Geschirr und nicht die Zeit, alles zu organisieren und zu kochen? Unser Catering-Team k\u00fcmmert sich gerne um all Ihre Anliegen!Beginnend mit der Planung und Logistik, betreuen wir Sie und Ihre G\u00e4ste am Abend des Events, ohne W\u00fcnsche offen zu lassen!Und mit [&hellip;]<\/p>\n","protected":false},"author":1,"featured_media":0,"parent":0,"menu_order":0,"comment_status":"closed","ping_status":"closed","template":"page-templates\/page-catering.php","meta":{"footnotes":""},"class_list":["post-68","page","type-page","status-publish","hentry"],"acf":[],"yoast_head":"<!-- This site is optimized with the Yoast SEO plugin v22.8 - https:\/\/yoast.com\/wordpress\/plugins\/seo\/ -->\n<title>Catering &amp; Partyservice - Wirtshaus zur Bums&#039;n in Sch\u00e4rding<\/title>\n<meta name=\"robots\" content=\"index, follow, max-snippet:-1, max-image-preview:large, max-video-preview:-1\" \/>\n<link rel=\"canonical\" href=\"https:\/\/www.bumsn.at\/index.php\/catering-partyservice\/\" \/>\n<meta property=\"og:locale\" content=\"de_DE\" \/>\n<meta property=\"og:type\" content=\"article\" \/>\n<meta property=\"og:title\" content=\"Catering &amp; Partyservice - Wirtshaus zur Bums&#039;n in Sch\u00e4rding\" \/>\n<meta property=\"og:description\" content=\"Sie m\u00f6chten zu einem festlichen Anlass einladen?Sie haben aber keine passenden R\u00e4umlichkeiten, nicht gen\u00fcgend Geschirr und nicht die Zeit, alles zu organisieren und zu kochen? Unser Catering-Team k\u00fcmmert sich gerne um all Ihre Anliegen!Beginnend mit der Planung und Logistik, betreuen wir Sie und Ihre G\u00e4ste am Abend des Events, ohne W\u00fcnsche offen zu lassen!Und mit [&hellip;]\" \/>\n<meta property=\"og:url\" content=\"https:\/\/www.bumsn.at\/index.php\/catering-partyservice\/\" \/>\n<meta property=\"og:site_name\" content=\"Wirtshaus zur Bums&#039;n in Sch\u00e4rding\" \/>\n<meta property=\"article:modified_time\" content=\"2024-05-07T17:24:08+00:00\" \/>\n<meta property=\"og:image\" content=\"https:\/\/www.bumsn.at\/wp-content\/uploads\/2024\/04\/R0A0563_WAI-1024x684.jpg\" \/>\n<meta name=\"twitter:card\" content=\"summary_large_image\" \/>\n<meta name=\"twitter:label1\" content=\"Gesch\u00e4tzte Lesezeit\" \/>\n\t<meta name=\"twitter:data1\" content=\"2\u00a0Minuten\" \/>\n<script type=\"application\/ld+json\" class=\"yoast-schema-graph\">{\"@context\":\"https:\/\/schema.org\",\"@graph\":[{\"@type\":\"WebPage\",\"@id\":\"https:\/\/www.bumsn.at\/index.php\/catering-partyservice\/\",\"url\":\"https:\/\/www.bumsn.at\/index.php\/catering-partyservice\/\",\"name\":\"Catering & Partyservice - Wirtshaus zur Bums&#039;n in Sch\u00e4rding\",\"isPartOf\":{\"@id\":\"https:\/\/www.bumsn.at\/#website\"},\"primaryImageOfPage\":{\"@id\":\"https:\/\/www.bumsn.at\/index.php\/catering-partyservice\/#primaryimage\"},\"image\":{\"@id\":\"https:\/\/www.bumsn.at\/index.php\/catering-partyservice\/#primaryimage\"},\"thumbnailUrl\":\"https:\/\/www.bumsn.at\/wp-content\/uploads\/2024\/04\/R0A0563_WAI-1024x684.jpg\",\"datePublished\":\"2024-01-03T16:02:27+00:00\",\"dateModified\":\"2024-05-07T17:24:08+00:00\",\"breadcrumb\":{\"@id\":\"https:\/\/www.bumsn.at\/index.php\/catering-partyservice\/#breadcrumb\"},\"inLanguage\":\"de\",\"potentialAction\":[{\"@type\":\"ReadAction\",\"target\":[\"https:\/\/www.bumsn.at\/index.php\/catering-partyservice\/\"]}]},{\"@type\":\"ImageObject\",\"inLanguage\":\"de\",\"@id\":\"https:\/\/www.bumsn.at\/index.php\/catering-partyservice\/#primaryimage\",\"url\":\"https:\/\/www.bumsn.at\/wp-content\/uploads\/2024\/04\/R0A0563_WAI.jpg\",\"contentUrl\":\"https:\/\/www.bumsn.at\/wp-content\/uploads\/2024\/04\/R0A0563_WAI.jpg\",\"width\":1200,\"height\":801},{\"@type\":\"BreadcrumbList\",\"@id\":\"https:\/\/www.bumsn.at\/index.php\/catering-partyservice\/#breadcrumb\",\"itemListElement\":[{\"@type\":\"ListItem\",\"position\":1,\"name\":\"Startseite\",\"item\":\"https:\/\/www.bumsn.at\/\"},{\"@type\":\"ListItem\",\"position\":2,\"name\":\"Catering &#038; Partyservice\"}]},{\"@type\":\"WebSite\",\"@id\":\"https:\/\/www.bumsn.at\/#website\",\"url\":\"https:\/\/www.bumsn.at\/\",\"name\":\"Wirtshaus zur Bums'n in Sch\u00e4rding\",\"description\":\"\",\"publisher\":{\"@id\":\"https:\/\/www.bumsn.at\/#organization\"},\"potentialAction\":[{\"@type\":\"SearchAction\",\"target\":{\"@type\":\"EntryPoint\",\"urlTemplate\":\"https:\/\/www.bumsn.at\/?s={search_term_string}\"},\"query-input\":\"required name=search_term_string\"}],\"inLanguage\":\"de\"},{\"@type\":\"Organization\",\"@id\":\"https:\/\/www.bumsn.at\/#organization\",\"name\":\"Wirtshaus zur Bums'n in Sch\u00e4rding\",\"url\":\"https:\/\/www.bumsn.at\/\",\"logo\":{\"@type\":\"ImageObject\",\"inLanguage\":\"de\",\"@id\":\"https:\/\/www.bumsn.at\/#\/schema\/logo\/image\/\",\"url\":\"https:\/\/www.bumsn.at\/wp-content\/uploads\/2024\/04\/s5_logo.png\",\"contentUrl\":\"https:\/\/www.bumsn.at\/wp-content\/uploads\/2024\/04\/s5_logo.png\",\"width\":192,\"height\":90,\"caption\":\"Wirtshaus zur Bums'n in Sch\u00e4rding\"},\"image\":{\"@id\":\"https:\/\/www.bumsn.at\/#\/schema\/logo\/image\/\"}}]}<\/script>\n<!-- \/ Yoast SEO plugin. -->","yoast_head_json":{"title":"Catering & Partyservice - Wirtshaus zur Bums&#039;n in Sch\u00e4rding","robots":{"index":"index","follow":"follow","max-snippet":"max-snippet:-1","max-image-preview":"max-image-preview:large","max-video-preview":"max-video-preview:-1"},"canonical":"https:\/\/www.bumsn.at\/index.php\/catering-partyservice\/","og_locale":"de_DE","og_type":"article","og_title":"Catering & Partyservice - Wirtshaus zur Bums&#039;n in Sch\u00e4rding","og_description":"Sie m\u00f6chten zu einem festlichen Anlass einladen?Sie haben aber keine passenden R\u00e4umlichkeiten, nicht gen\u00fcgend Geschirr und nicht die Zeit, alles zu organisieren und zu kochen? Unser Catering-Team k\u00fcmmert sich gerne um all Ihre Anliegen!Beginnend mit der Planung und Logistik, betreuen wir Sie und Ihre G\u00e4ste am Abend des Events, ohne W\u00fcnsche offen zu lassen!Und mit [&hellip;]","og_url":"https:\/\/www.bumsn.at\/index.php\/catering-partyservice\/","og_site_name":"Wirtshaus zur Bums&#039;n in Sch\u00e4rding","article_modified_time":"2024-05-07T17:24:08+00:00","og_image":[{"url":"https:\/\/www.bumsn.at\/wp-content\/uploads\/2024\/04\/R0A0563_WAI-1024x684.jpg"}],"twitter_card":"summary_large_image","twitter_misc":{"Gesch\u00e4tzte Lesezeit":"2\u00a0Minuten"},"schema":{"@context":"https:\/\/schema.org","@graph":[{"@type":"WebPage","@id":"https:\/\/www.bumsn.at\/index.php\/catering-partyservice\/","url":"https:\/\/www.bumsn.at\/index.php\/catering-partyservice\/","name":"Catering & Partyservice - Wirtshaus zur Bums&#039;n in Sch\u00e4rding","isPartOf":{"@id":"https:\/\/www.bumsn.at\/#website"},"primaryImageOfPage":{"@id":"https:\/\/www.bumsn.at\/index.php\/catering-partyservice\/#primaryimage"},"image":{"@id":"https:\/\/www.bumsn.at\/index.php\/catering-partyservice\/#primaryimage"},"thumbnailUrl":"https:\/\/www.bumsn.at\/wp-content\/uploads\/2024\/04\/R0A0563_WAI-1024x684.jpg","datePublished":"2024-01-03T16:02:27+00:00","dateModified":"2024-05-07T17:24:08+00:00","breadcrumb":{"@id":"https:\/\/www.bumsn.at\/index.php\/catering-partyservice\/#breadcrumb"},"inLanguage":"de","potentialAction":[{"@type":"ReadAction","target":["https:\/\/www.bumsn.at\/index.php\/catering-partyservice\/"]}]},{"@type":"ImageObject","inLanguage":"de","@id":"https:\/\/www.bumsn.at\/index.php\/catering-partyservice\/#primaryimage","url":"https:\/\/www.bumsn.at\/wp-content\/uploads\/2024\/04\/R0A0563_WAI.jpg","contentUrl":"https:\/\/www.bumsn.at\/wp-content\/uploads\/2024\/04\/R0A0563_WAI.jpg","width":1200,"height":801},{"@type":"BreadcrumbList","@id":"https:\/\/www.bumsn.at\/index.php\/catering-partyservice\/#breadcrumb","itemListElement":[{"@type":"ListItem","position":1,"name":"Startseite","item":"https:\/\/www.bumsn.at\/"},{"@type":"ListItem","position":2,"name":"Catering &#038; Partyservice"}]},{"@type":"WebSite","@id":"https:\/\/www.bumsn.at\/#website","url":"https:\/\/www.bumsn.at\/","name":"Wirtshaus zur Bums'n in Sch\u00e4rding","description":"","publisher":{"@id":"https:\/\/www.bumsn.at\/#organization"},"potentialAction":[{"@type":"SearchAction","target":{"@type":"EntryPoint","urlTemplate":"https:\/\/www.bumsn.at\/?s={search_term_string}"},"query-input":"required name=search_term_string"}],"inLanguage":"de"},{"@type":"Organization","@id":"https:\/\/www.bumsn.at\/#organization","name":"Wirtshaus zur Bums'n in Sch\u00e4rding","url":"https:\/\/www.bumsn.at\/","logo":{"@type":"ImageObject","inLanguage":"de","@id":"https:\/\/www.bumsn.at\/#\/schema\/logo\/image\/","url":"https:\/\/www.bumsn.at\/wp-content\/uploads\/2024\/04\/s5_logo.png","contentUrl":"https:\/\/www.bumsn.at\/wp-content\/uploads\/2024\/04\/s5_logo.png","width":192,"height":90,"caption":"Wirtshaus zur Bums'n in Sch\u00e4rding"},"image":{"@id":"https:\/\/www.bumsn.at\/#\/schema\/logo\/image\/"}}]}},"_links":{"self":[{"href":"https:\/\/www.bumsn.at\/index.php\/wp-json\/wp\/v2\/pages\/68","targetHints":{"allow":["GET"]}}],"collection":[{"href":"https:\/\/www.bumsn.at\/index.php\/wp-json\/wp\/v2\/pages"}],"about":[{"href":"https:\/\/www.bumsn.at\/index.php\/wp-json\/wp\/v2\/types\/page"}],"author":[{"embeddable":true,"href":"https:\/\/www.bumsn.at\/index.php\/wp-json\/wp\/v2\/users\/1"}],"replies":[{"embeddable":true,"href":"https:\/\/www.bumsn.at\/index.php\/wp-json\/wp\/v2\/comments?post=68"}],"version-history":[{"count":29,"href":"https:\/\/www.bumsn.at\/index.php\/wp-json\/wp\/v2\/pages\/68\/revisions"}],"predecessor-version":[{"id":364,"href":"https:\/\/www.bumsn.at\/index.php\/wp-json\/wp\/v2\/pages\/68\/revisions\/364"}],"wp:attachment":[{"href":"https:\/\/www.bumsn.at\/index.php\/wp-json\/wp\/v2\/media?parent=68"}],"curies":[{"name":"wp","href":"https:\/\/api.w.org\/{rel}","templated":true}]}}