{"id":14,"date":"2024-01-03T09:27:47","date_gmt":"2024-01-03T09:27:47","guid":{"rendered":"https:\/\/hardcore-wing.91-151-16-32.plesk.page\/?page_id=14"},"modified":"2024-04-28T17:05:09","modified_gmt":"2024-04-28T17:05:09","slug":"reindlspezialitaeten","status":"publish","type":"page","link":"https:\/\/www.bumsn.at\/index.php\/essen-trinken\/reindlspezialitaeten\/","title":{"rendered":"Unsere Reindlspezialit\u00e4ten"},"content":{"rendered":"\n<div class=\"wp-block-custom-plugin-custom-header-block d-flex column flex-wrap my-5\"><span class=\"spacer flex-grow-1 me-5\"><\/span><h2 class=\"subpage-heading\">Unsere Reindl<\/h2><span class=\"spacer flex-grow-1 ms-5\"><\/span><\/div>\n\n\n\n<ul class=\"menu-dishes-list wp-block-list\">\n<li><strong>Brat\u2019l in der Rein <\/strong><br>mit Schweine- und Surbraten, Semmelkn\u00f6del, St\u00f6cklkraut, Erd\u00e4pfel, Radi und Schnapserl<\/li>\n\n\n\n<li><strong>Schlacht Reindl<\/strong><br>Sauwaldgeselchtes, Surbrat\u2019l, Blutwurst, Grammelkn\u00f6del<br>mit Semmelkn\u00f6del, Sauerkraut, Erd\u00e4pfeln und Schnapserl<\/li>\n\n\n\n<li><strong>Grillplatte<\/strong><br>Rind-, Puten- und Schweinefleisch gegrillt, Schinkenk\u00e4ser\u00f6llchen,<br>gef\u00fcllte Erd\u00e4pfeltascherl, Grillsauce,<br>Pommes, R\u00f6stgem\u00fcse und gemischtem Salat<\/li>\n\n\n\n<li><strong>Schnitzel in der Rein<\/strong><br>(Sur-, Puten- und Schweinsschnitzel) gebacken dazu Bierrahmsauce,<br>Preiselbeeren, Kartoffeln, Semmelkn\u00f6del, Pommes und gemischten Salat<\/li>\n<\/ul>\n","protected":false},"excerpt":{"rendered":"","protected":false},"author":1,"featured_media":0,"parent":64,"menu_order":3,"comment_status":"closed","ping_status":"closed","template":"page-templates\/page-reindl.php","meta":{"footnotes":""},"class_list":["post-14","page","type-page","status-publish","hentry"],"acf":[],"yoast_head":"<!-- This site is optimized with the Yoast SEO plugin v22.8 - https:\/\/yoast.com\/wordpress\/plugins\/seo\/ -->\n<title>Unsere Reindlspezialit\u00e4ten - Wirtshaus zur Bums&#039;n in Sch\u00e4rding<\/title>\n<meta name=\"robots\" content=\"index, follow, max-snippet:-1, max-image-preview:large, max-video-preview:-1\" \/>\n<link rel=\"canonical\" href=\"https:\/\/www.bumsn.at\/index.php\/essen-trinken\/reindlspezialitaeten\/\" \/>\n<meta property=\"og:locale\" content=\"de_DE\" \/>\n<meta property=\"og:type\" content=\"article\" \/>\n<meta property=\"og:title\" content=\"Unsere Reindlspezialit\u00e4ten - Wirtshaus zur Bums&#039;n in Sch\u00e4rding\" \/>\n<meta property=\"og:url\" content=\"https:\/\/www.bumsn.at\/index.php\/essen-trinken\/reindlspezialitaeten\/\" \/>\n<meta property=\"og:site_name\" content=\"Wirtshaus zur Bums&#039;n in Sch\u00e4rding\" \/>\n<meta property=\"article:modified_time\" content=\"2024-04-28T17:05:09+00:00\" \/>\n<meta name=\"twitter:card\" content=\"summary_large_image\" \/>\n<script type=\"application\/ld+json\" class=\"yoast-schema-graph\">{\"@context\":\"https:\/\/schema.org\",\"@graph\":[{\"@type\":\"WebPage\",\"@id\":\"https:\/\/www.bumsn.at\/index.php\/essen-trinken\/reindlspezialitaeten\/\",\"url\":\"https:\/\/www.bumsn.at\/index.php\/essen-trinken\/reindlspezialitaeten\/\",\"name\":\"Unsere Reindlspezialit\u00e4ten - Wirtshaus zur Bums&#039;n in Sch\u00e4rding\",\"isPartOf\":{\"@id\":\"https:\/\/www.bumsn.at\/#website\"},\"datePublished\":\"2024-01-03T09:27:47+00:00\",\"dateModified\":\"2024-04-28T17:05:09+00:00\",\"breadcrumb\":{\"@id\":\"https:\/\/www.bumsn.at\/index.php\/essen-trinken\/reindlspezialitaeten\/#breadcrumb\"},\"inLanguage\":\"de\",\"potentialAction\":[{\"@type\":\"ReadAction\",\"target\":[\"https:\/\/www.bumsn.at\/index.php\/essen-trinken\/reindlspezialitaeten\/\"]}]},{\"@type\":\"BreadcrumbList\",\"@id\":\"https:\/\/www.bumsn.at\/index.php\/essen-trinken\/reindlspezialitaeten\/#breadcrumb\",\"itemListElement\":[{\"@type\":\"ListItem\",\"position\":1,\"name\":\"Startseite\",\"item\":\"https:\/\/www.bumsn.at\/\"},{\"@type\":\"ListItem\",\"position\":2,\"name\":\"Essen &#038; Trinken\",\"item\":\"https:\/\/www.bumsn.at\/index.php\/essen-trinken\/\"},{\"@type\":\"ListItem\",\"position\":3,\"name\":\"Unsere Reindlspezialit\u00e4ten\"}]},{\"@type\":\"WebSite\",\"@id\":\"https:\/\/www.bumsn.at\/#website\",\"url\":\"https:\/\/www.bumsn.at\/\",\"name\":\"Wirtshaus zur Bums'n in Sch\u00e4rding\",\"description\":\"\",\"publisher\":{\"@id\":\"https:\/\/www.bumsn.at\/#organization\"},\"potentialAction\":[{\"@type\":\"SearchAction\",\"target\":{\"@type\":\"EntryPoint\",\"urlTemplate\":\"https:\/\/www.bumsn.at\/?s={search_term_string}\"},\"query-input\":\"required name=search_term_string\"}],\"inLanguage\":\"de\"},{\"@type\":\"Organization\",\"@id\":\"https:\/\/www.bumsn.at\/#organization\",\"name\":\"Wirtshaus zur Bums'n in Sch\u00e4rding\",\"url\":\"https:\/\/www.bumsn.at\/\",\"logo\":{\"@type\":\"ImageObject\",\"inLanguage\":\"de\",\"@id\":\"https:\/\/www.bumsn.at\/#\/schema\/logo\/image\/\",\"url\":\"https:\/\/www.bumsn.at\/wp-content\/uploads\/2024\/04\/s5_logo.png\",\"contentUrl\":\"https:\/\/www.bumsn.at\/wp-content\/uploads\/2024\/04\/s5_logo.png\",\"width\":192,\"height\":90,\"caption\":\"Wirtshaus zur Bums'n in Sch\u00e4rding\"},\"image\":{\"@id\":\"https:\/\/www.bumsn.at\/#\/schema\/logo\/image\/\"}}]}<\/script>\n<!-- \/ Yoast SEO plugin. -->","yoast_head_json":{"title":"Unsere Reindlspezialit\u00e4ten - Wirtshaus zur Bums&#039;n in Sch\u00e4rding","robots":{"index":"index","follow":"follow","max-snippet":"max-snippet:-1","max-image-preview":"max-image-preview:large","max-video-preview":"max-video-preview:-1"},"canonical":"https:\/\/www.bumsn.at\/index.php\/essen-trinken\/reindlspezialitaeten\/","og_locale":"de_DE","og_type":"article","og_title":"Unsere Reindlspezialit\u00e4ten - Wirtshaus zur Bums&#039;n in Sch\u00e4rding","og_url":"https:\/\/www.bumsn.at\/index.php\/essen-trinken\/reindlspezialitaeten\/","og_site_name":"Wirtshaus zur Bums&#039;n in Sch\u00e4rding","article_modified_time":"2024-04-28T17:05:09+00:00","twitter_card":"summary_large_image","schema":{"@context":"https:\/\/schema.org","@graph":[{"@type":"WebPage","@id":"https:\/\/www.bumsn.at\/index.php\/essen-trinken\/reindlspezialitaeten\/","url":"https:\/\/www.bumsn.at\/index.php\/essen-trinken\/reindlspezialitaeten\/","name":"Unsere Reindlspezialit\u00e4ten - Wirtshaus zur Bums&#039;n in Sch\u00e4rding","isPartOf":{"@id":"https:\/\/www.bumsn.at\/#website"},"datePublished":"2024-01-03T09:27:47+00:00","dateModified":"2024-04-28T17:05:09+00:00","breadcrumb":{"@id":"https:\/\/www.bumsn.at\/index.php\/essen-trinken\/reindlspezialitaeten\/#breadcrumb"},"inLanguage":"de","potentialAction":[{"@type":"ReadAction","target":["https:\/\/www.bumsn.at\/index.php\/essen-trinken\/reindlspezialitaeten\/"]}]},{"@type":"BreadcrumbList","@id":"https:\/\/www.bumsn.at\/index.php\/essen-trinken\/reindlspezialitaeten\/#breadcrumb","itemListElement":[{"@type":"ListItem","position":1,"name":"Startseite","item":"https:\/\/www.bumsn.at\/"},{"@type":"ListItem","position":2,"name":"Essen &#038; Trinken","item":"https:\/\/www.bumsn.at\/index.php\/essen-trinken\/"},{"@type":"ListItem","position":3,"name":"Unsere Reindlspezialit\u00e4ten"}]},{"@type":"WebSite","@id":"https:\/\/www.bumsn.at\/#website","url":"https:\/\/www.bumsn.at\/","name":"Wirtshaus zur Bums'n in Sch\u00e4rding","description":"","publisher":{"@id":"https:\/\/www.bumsn.at\/#organization"},"potentialAction":[{"@type":"SearchAction","target":{"@type":"EntryPoint","urlTemplate":"https:\/\/www.bumsn.at\/?s={search_term_string}"},"query-input":"required name=search_term_string"}],"inLanguage":"de"},{"@type":"Organization","@id":"https:\/\/www.bumsn.at\/#organization","name":"Wirtshaus zur Bums'n in Sch\u00e4rding","url":"https:\/\/www.bumsn.at\/","logo":{"@type":"ImageObject","inLanguage":"de","@id":"https:\/\/www.bumsn.at\/#\/schema\/logo\/image\/","url":"https:\/\/www.bumsn.at\/wp-content\/uploads\/2024\/04\/s5_logo.png","contentUrl":"https:\/\/www.bumsn.at\/wp-content\/uploads\/2024\/04\/s5_logo.png","width":192,"height":90,"caption":"Wirtshaus zur Bums'n in Sch\u00e4rding"},"image":{"@id":"https:\/\/www.bumsn.at\/#\/schema\/logo\/image\/"}}]}},"_links":{"self":[{"href":"https:\/\/www.bumsn.at\/index.php\/wp-json\/wp\/v2\/pages\/14","targetHints":{"allow":["GET"]}}],"collection":[{"href":"https:\/\/www.bumsn.at\/index.php\/wp-json\/wp\/v2\/pages"}],"about":[{"href":"https:\/\/www.bumsn.at\/index.php\/wp-json\/wp\/v2\/types\/page"}],"author":[{"embeddable":true,"href":"https:\/\/www.bumsn.at\/index.php\/wp-json\/wp\/v2\/users\/1"}],"replies":[{"embeddable":true,"href":"https:\/\/www.bumsn.at\/index.php\/wp-json\/wp\/v2\/comments?post=14"}],"version-history":[{"count":32,"href":"https:\/\/www.bumsn.at\/index.php\/wp-json\/wp\/v2\/pages\/14\/revisions"}],"predecessor-version":[{"id":229,"href":"https:\/\/www.bumsn.at\/index.php\/wp-json\/wp\/v2\/pages\/14\/revisions\/229"}],"up":[{"embeddable":true,"href":"https:\/\/www.bumsn.at\/index.php\/wp-json\/wp\/v2\/pages\/64"}],"wp:attachment":[{"href":"https:\/\/www.bumsn.at\/index.php\/wp-json\/wp\/v2\/media?parent=14"}],"curies":[{"name":"wp","href":"https:\/\/api.w.org\/{rel}","templated":true}]}}